 + 212. What is the remainder when 94 is divided by b?
14
Let q(m) = m**3 + 16*m**2 - 2*m - 7. Let c be q(-14). Suppose -c = -5*k - 3*d, 2*k - 2*d + d - 174 = 0. Calculate the remainder when k is divided by 22.
19
Let x(u) = -5*u + 4. What is the remainder when 330 is divided by x(-15)?
14
Calculate the remainder when 307 is divided by (-1430)/(12 - 23) + 12 + -2.
27
Suppose 0 = -6*c + 1501 + 1559. Suppose 0*z - 501 = -5*z + 2*d, 5*z = 5*d + c. Calculate the remainder when 493 is divided by z.
97
Suppose -4*f = -3*b - 284 - 391, f - 4*b = 159. What is the remainder when 209 is divided by f?
38
Let u(t) = 2*t**3 + 27*t**2 - 116*t + 70. Calculate the remainder when 4520 is divided by u(-17).
17
Suppose 0 = 4*i + 2*z - 28, -6 = 5*i - 2*z - 23. Suppose 4*r - 5 = 3*m, 4*r + 2 = i*m + 5. What is the remainder when 6 is divided by r?
0
Suppose -10*h - 25352 = -25782. What is the remainder when h is divided by 11?
10
Let a be (-2)/(2/3)*30. Suppose -3*u + 397 = 5*g + 1, 3*u = -2*g + 396. Let i = u + a. What is the remainder when i is divided by 9?
6
Calculate the remainder when 347 is divided by (10/20)/(8/224).
11
Calculate the remainder when 17 is divided by 20/80*-3*(-52)/3.
4
Let x(b) = -110*b + 143 + 42 + 99*b. What is the remainder when 575 is divided by x(16)?
8
Suppose 4*m - 1029 - 59 = -3*r, 2 = -2*m. Suppose -89 = 11*f - r. What is the remainder when 223 is divided by f?
23
Suppose -3036 = 213793*m - 213862*m. Suppose 0 = -2*o - 5*b + 710, -5*o - b - 133 = -1885. What is the remainder when o is divided by m?
42
Suppose 1843*a = 1846*a - 306. Calculate the remainder when 458 is divided by a.
50
Suppose 0*c - 3*h - 12 = c, -c + 4*h = -9. Calculate the remainder when 174 is divided by 15*((c - 1) + (-34)/(-6)).
24
Let a(w) = -4*w**2 - 10*w - 1. Let b be a(-4). Let l be (-2)/((-6)/(-3) - (-49)/b). Calculate the remainder when l/(-2)*(-13 - -14) is divided by 9.
7
Let p(i) = -2*i**3 + 29*i**2 - 12*i + 23. Let q be p(14). Suppose -8*g + q = -61. Calculate the remainder when 111 is divided by g.
13
Suppose -15*f + 12858 = -3237. Suppose 0 = -19*g - 294 + f. Suppose 0*u + 5*u - 3*b = 812, -u + 3*b + 160 = 0. Calculate the remainder when u is divided by g.
40
Let f(q) = -87*q - 1907. What is the remainder when f(-28) is divided by 19?
16
What is the remainder when 334 is divided by (((-1416)/(-10))/2)/(651/(-35) - -19)?
157
Suppose -b + 229 = 3*a, -3*a - a - 5*b + 287 = 0. Suppose v + v - a = 0. Calculate the remainder when v is divided by (-56)/(-18)*(-30 - 690/(-20)).
11
Let f(l) = -2*l + 5. Let s be f(-31). Suppose 5*n - s = -3*i - 1, 5*n - 5*i - 90 = 0. Calculate the remainder when 102 is divided by n.
12
Suppose 0 = i - 2 - 105. Calculate the remainder when i is divided by (-8)/(-22) - 1172/(-44).
26
Suppose -2*d - 2*z - 9 = 13, -3*z = 2*d + 23. Let q be (-44)/d + (-24)/10 + 2. Suppose -q*m = -155 - 57. What is the remainder when m is divided by 14?
11
Let z = -134 - -137. Suppose 0 = 3*y - 2*j - 115, -z*y - 2*j = -76 - 43. What is the remainder when 77 is divided by y?
38
Suppose -11873 = -53*p + 4822. Calculate the remainder when 1272 is divided by p.
12
Let t(a) = a**3 + 9*a**2 + 6*a - 7. Let h = -112 - -114. Suppose 7*u - 10 = -3*f + h*u, 25 = 4*f - 5*u. Calculate the remainder when t(-8) is divided by f.
4
Let f(y) = 7*y**2 - y + 1. Let t(m) = 410*m - 22228. What is the remainder when t(55) is divided by f(2)?
25
Let t = -7000 + 7032. What is the remainder when -2 + 2 + 72 - 0 is divided by t?
8
Let p be (-1 + 21)*(-48)/20*1. Let q = p + 58. Suppose -5*b - 18 = -3, -b + q = k. Calculate the remainder when k is divided by 8.
5
Let o(d) = d**3 - 21*d**2 + 31*d - 34. Let v be o(20). Suppose 2*b + 3*s - v = 0, 2*b - 216 + 30 = -s. Calculate the remainder when b is divided by 16.
13
Suppose 35*q - 1710 = 26*q. Let j = q + 62. What is the remainder when j is divided by 32?
28
Suppose 5*t = -n + 62, -3*t + 18 + 12 = -3*n. Let r = -2 + t. Suppose 4 = 2*a, 2*k - 3*a = -a + r. What is the remainder when 26 is divided by k?
5
Let v = -1971 - -3033. What is the remainder when v is divided by (2 - -65) + (6 + -2 - 0)?
68
Suppose 844 = 52*u - 404. What is the remainder when 8651 is divided by u?
11
Suppose 70*n = 73*n - 9. Suppose 6 = x - n*x, -324 = -4*u - 4*x. Calculate the remainder when u is divided by 43.
41
Let l(i) = -13*i + 701. What is the remainder when 106 is divided by l(52)?
6
Let i = 307 + -307. Suppose -5*q = 0, -2*s - 3*q + 11 + 1 = i. Calculate the remainder when 11 is divided by s.
5
Suppose -1 = 19*g - 39. Let v(a) = 7. Let x(c) = c + 7. Let o(i) = g*x(i) - 3*v(i). What is the remainder when 179 is divided by o(8)?
8
Suppose 0*a + 4*a + 4 = c, -4*c - a = -101. Suppose 0 = h - 2, 31 = 2*y + 2*h - 67. What is the remainder when y is divided by c?
23
Let k(g) = -125*g - 150*g - 130*g + 382*g + 1. Suppose -2*f = -0*f + 4. Calculate the remainder when k(f) is divided by 18.
11
Let t(d) = -d**2 + 13*d - 22. Let a be t(11). Let q be -1 - (0 + a) - 5*337. Calculate the remainder when q/(-24) + 7 - 6/(-8) is divided by 8.
6
Let p(t) = -t**3 + t**2 - 5*t + 6. Suppose 25*g + 44 = 14*g. Calculate the remainder when p(g) is divided by 18.
16
Let y be ((-6)/(-4))/((-18)/(-24)). Calculate the remainder when (1/((-4)/(-336)))/y is divided by 15.
12
Let k(z) = 2*z**3 + 31*z**2 + 84*z + 26. What is the remainder when 920 is divided by k(-11)?
156
Let v = 32 - 17. Suppose -95*s = -92*s - v. Suppose s*y - 15*y = -200. Calculate the remainder when 177 is divided by y.
17
Let c(k) = -k**3 + 5*k**2 - 5*k + 9. Let l(h) = -2*h - 3. Let t be l(-4). Suppose -t*w - 167 = -457. What is the remainder when w is divided by c(3)?
10
Let t be 0*(-3)/(-6) - 19. Let o(c) = -2*c**2 - 37*c + 106. What is the remainder when o(t) is divided by 1/(42/(-44) - -1)?
21
Let u be 3674/14 - (30/(-35))/(-2). Let h = u + -243. Suppose -3*p = p - 292. What is the remainder when p is divided by h?
16
Let m = -135 + 140. Suppose 12*i - 119 = m*i. What is the remainder when 33 is divided by i?
16
Let f = 2201 - 1191. What is the remainder when f is divided by 35?
30
Let b(p) = 29 + 4 - 8 + 15*p. Let m be b(12). Suppose -3*d + m = 2*d. What is the remainder when d is divided by 22?
19
Suppose -46 = -h - 5*z, -3*h = 2*z + 3*z - 158. Suppose 5*f - 226 = -h. Let k(i) = 5*i**2 + 3*i - 5. Calculate the remainder when k(5) is divided by f.
33
Let a = 243 + -235. Calculate the remainder when 75 is divided by (112/6)/(a/12).
19
Let i = -299 + 310. What is the remainder when (i - 9) + (-662)/(-2) is divided by 28?
25
What is the remainder when 1 + -1 - -337 - (-40 - -33) is divided by 69?
68
Suppose -3*q + 2*q = 4*g - 19, 3*g - 11 = -4*q. Suppose -4*j + 11 = -3*j. Calculate the remainder when (3/g)/((-10)/(-900)) is divided by j.
10
Suppose 7141 + 996 = 126*x - 47*x. Calculate the remainder when 1541 is divided by x.
99
Let i = 280 - 226. Suppose i = 11*s - 10*s + 4*l, 0 = -4*s + 5*l + 237. What is the remainder when 577 is divided by s?
55
Suppose 4*p = -3*n + 79, 218*p + 80 = 3*n + 223*p. Calculate the remainder when 69 is divided by n.
19
Let t = 93 + 13. Suppose 24 = 2*n - 4*b + 6, 3*b + 27 = 3*n. What is the remainder when t is divided by n?
7
Let f = 171 - 166. Suppose 707 = 5*x - k, -6*x + 4*x + k = -281. What is the remainder when x is divided by f?
2
Suppose 0*t - 34 = -5*t - 4*l, -3*t = -4*l - 14. Suppose -5*n = 5, 2*i = 3*n - 2*n + 35. Calculate the remainder when i is divided by t.
5
Suppose -119*j + 6 = -116*j, -2*j - 340 = -g. What is the remainder when g is divided by 69?
68
Let m(j) = -j**3 - 19*j**2 + 17*j + 24. Let s be m(-20). Suppose 0 = s*h - 76*h - 2400. What is the remainder when h is divided by 8?
4
Suppose -53*d - 78*d = -91176. What is the remainder when d is divided by 13?
7
Suppose 0 = 3*y - 2*u - 4154, 2774 = 2*y - 0*u + u. Suppose 1379*m + 112 = y*m. What is the remainder when m is divided by 9?
7
Suppose 37*j = 12*j - 100. Calculate the remainder when 29 is divided by (-22)/4*(-2 + 4 + j).
7
Let g(p) = 3*p + 4. Let c = -788 + 371. Calculate the remainder when 4/6 + (-13483)/c is divided by g(3).
7
Suppose -32*c = -1577 - 247 - 0. Calculate the remainder when 968 is divided by c.
56
Suppose 0*w = 26*w - 2054. Suppose 0 = w*d - 80*d + 7. What is the remainder when